e prime factors of 82949293.
7, 23, 53, 9721
What are the prime factors of 373039744?
2, 7, 11, 5407
List the prime factors of 1768930539.
3, 589643513
What are the prime factors of 1343408629?
17, 79024037
List the prime factors of 330978116.
2, 7, 11820647
What are the prime factors of 580980915?
3, 5, 251, 51437
List the prime factors of 35695242.
2, 3, 11, 607
What are the prime factors of 73000761?
3, 157, 154991
List the prime factors of 404216133.
3, 134738711
What are the prime factors of 1038420655?
5, 109, 1905359
List the prime factors of 3353561486.
2, 11, 43, 131, 27061
What are the prime factors of 78347415?
3, 5, 29, 233, 773
List the prime factors of 63101712.
2, 3, 89, 14771
List the prime factors of 658744559.
11, 37, 1618537
What are the prime factors of 588429294?
2, 3, 41, 839, 2851
What are the prime factors of 1303351231?
7, 13, 14322541
What are the prime factors of 36175106?
2, 11, 211, 7793
What are the prime factors of 84569397?
3, 11, 53, 48353
List the prime factors of 36583669.
43, 157, 5419
List the prime factors of 7644186190.
2, 5, 167, 1087, 4211
List the prime factors of 6405204084.
2, 3, 533767007
What are the prime factors of 115393182?
2, 3, 137, 140381
List the prime factors of 109088469.
3, 7, 37, 53, 883
List the prime factors of 424620212.
2, 167, 635659
List the prime factors of 282421452.
2, 3, 101, 233021
What are the prime factors of 1197007082?
2, 43, 13918687
What are the prime factors of 666730503?
3, 29, 59, 1493
List the prime factors of 4755749575.
5, 17, 59, 189661
What are the prime factors of 50301742?
2, 17, 137, 10799
List the prime factors of 1878593388.
2, 3, 7, 73, 306359
What are the prime factors of 552408870?
2, 3, 5, 13, 1416433
List the prime factors of 378840351.
3, 47, 2686811
What are the prime factors of 26885080?
2, 5, 672127
What are the prime factors of 2080998315?
3, 5, 11, 4204037
What are the prime factors of 40474205?
5, 457, 17713
List the prime factors of 101855416.
2, 13, 979379
What are the prime factors of 316709972?
2, 523, 151391
What are the prime factors of 812039453?
812039453
List the prime factors of 23414218.
2, 11707109
What are the prime factors of 421649422?
2, 4937, 42703
What are the prime factors of 247688066?
2, 19, 6518107
List the prime factors of 1443783285.
3, 5, 7, 24251
What are the prime factors of 56283275?
5, 2251331
What are the prime factors of 22135316?
2, 7, 790547
What are the prime factors of 55859868?
2, 3, 101, 569
What are the prime factors of 202488824?
2, 25311103
What are the prime factors of 1650327788?
2, 43, 9594929
What are the prime factors of 1393733625?
3, 5, 3716623
What are the prime factors of 240547247?
240547247
List the prime factors of 254910092.
2, 63727523
List the prime factors of 2544956993.
373, 883, 7727
List the prime factors of 445014962.
2, 7, 4540969
What are the prime factors of 467335369?
3461, 135029
What are the prime factors of 1014875191?
11, 92261381
List the prime factors of 52809169.
7, 7544167
What are the prime factors of 266420477?
23, 29, 107, 3733
What are the prime factors of 14138950?
2, 5, 7, 29, 199
What are the prime factors of 63763377?
3, 21254459
What are the prime factors of 133480657?
4339, 30763
List the prime factors of 261366091.
7, 131, 285023
List the prime factors of 84991254.
2, 3, 1579, 8971
List the prime factors of 3321702.
2, 3, 137, 449
List the prime factors of 18902554.
2, 11, 47, 101, 181
List the prime factors of 50316450.
2, 3, 5, 29, 43, 269
List the prime factors of 40317683.
7, 53, 109, 997
What are the prime factors of 6141119355?
3, 5, 7, 17, 382267
What are the prime factors of 2873445222?
2, 3, 29, 16514053
List the prime factors of 714354995.
5, 1543, 92593
What are the prime factors of 17918374?
2, 17, 47, 11213
What are the prime factors of 918981588?
2, 3, 7, 19, 593, 971
List the prime factors of 98068463.
37, 103, 25733
List the prime factors of 101988465.
3, 5, 37, 183763
List the prime factors of 218141758.
2, 47, 2320657
What are the prime factors of 729888138?
2, 3, 7, 653, 2957
What are the prime factors of 1035901897?
97, 443, 24107
List the prime factors of 2554550161.
269, 499, 19031
What are the prime factors of 51753826?
2, 25876913
List the prime factors of 867180180.
2, 3, 5, 14453003
List the prime factors of 61340996.
2, 15335249
What are the prime factors of 32342170?
2, 5, 7, 491, 941
What are the prime factors of 93093101?
93093101
List the prime factors of 188289846.
2, 3, 31, 37493
List the prime factors of 21288479.
73, 193, 1511
List the prime factors of 4591065326.
2, 61, 37631683
What are the prime factors of 405645301?
29, 13987769
List the prime factors of 156757607.
31, 5056697
List the prime factors of 267216671.
541, 493931
List the prime factors of 2016979654.
2, 17, 181, 487, 673
List the prime factors of 94050044.
2, 11, 61, 67, 523
List the prime factors of 566420213.
73, 1669, 4649
List the prime factors of 186018923.
53, 3509791
What are the prime factors of 23061953?
19, 283, 4289
What are the prime factors of 1196994297?
3, 398998099
List the prime factors of 803081209.
7, 743, 154409
List the prime factors of 232241183.
97, 2394239
What are the prime factors of 25300628?
2, 19, 332903
List the prime factors of 563250663.
3, 53, 1180819
List the prime factors of 629981145.
3, 5, 163, 3181
What are the prime factors of 46937209?
11, 43, 99233
What are the prime factors of 885465881?
2671, 331511
What are the prime factors of 919292057?
137, 6710161
What are the prime factors of 365411851?
7, 52201693
What are the prime factors of 205213349?
11, 18655759
List the prime factors of 7756088352.
2, 3, 80792587
List the prime factors of 490526302.
2, 7, 35037593
List the prime factors of 1950869335.
5, 97, 1877, 2143
List the prime factors of 15729253.
367, 42859
What are the prime factors of 111649455?
3, 5, 17, 48649
What are the prime factors of 140081163?
3, 59, 791419
What are the prime factors of 40314018?
2, 3, 6719003
What are the prime factors of 812523143?
17, 47795479
List the prime factors of 929348072.
2, 107, 1085687
List the prime factors of 357016308.
2, 3, 11, 19, 12941
What are the prime factors of 326874721?
326874721
List the prime factors of 248823218.
2, 7, 293, 60659
What are the prime factors of 3663749163?
3, 6911, 176711
List the prime factors of 6929908981.
31, 7919, 28229
What are the prime factors of 996385084?
2, 643, 387397
List the prime factors of 10927766.
2, 1439, 3797
List the prime factors of 333560212.
2, 2729, 30557
List the prime factors of 2260847919.
3, 11, 3583, 19121
List the prime factors of 8050043.
8050043
List the prime factors of 6849996.
2, 3, 109, 5237
What are the prime factors of 911147419?
7, 13, 17, 588977
What are the prime factors of 3637701904?
2, 227356369
What are the prime factors of 750076724?
2, 187519181
List the prime factors of 128010737.
128010737
What are the prime factors of 6239750?
2, 5, 11, 2269
List the prime factors of 4823356803.
3, 61, 26357141
What are the prime factors of 96105659?
13, 709, 10427
List the prime factors of 54370272.
2, 3, 11, 51487
List the prime factors of 977855110.
2, 5, 643, 152077
What are the prime factors of 2012706030?
2, 3, 5, 379, 177019
What are the prime factors of 439776596?
2, 7, 15706307
What are the prime factors of 70610263?
107, 383, 1723
List the prime factors of 70025179.
7, 23, 434939
What are the prime factors of 1865900405?
5, 373180081
List the prime factors of 182082219.
3, 11, 5517643
List the prime factors of 123512046.
2, 3, 7, 19, 22111
List the prime factors of 372276397.
97, 3837901
List the prime factors of 761338289.
47, 16198687
What are the prime factors of 452224160?
2, 5, 23, 122887
What are the prime factors of 120013472?
2, 17, 220613
List the prime factors of 90430094.
2, 1049, 43103
List the prime factors of 210808861.
613, 343897
What are the prime factors of 2576148801?
3, 19, 59, 113, 6779
What are the prime factors of 66277615?
5, 29, 457087
What are the prime factors of 1879657245?
3, 5, 515681
List the prime factors of 43159587.
3, 1289, 11161
List the prime factors of 577943090.
2, 5, 2399, 24091
List the prime factors of 1115412941.
1115412941
List the prime factors of 63338141.